
228336
In base 9, what is -51 - 2235885?
-2236046
In base 5, what is 133431321 - -422?
133432243
In base 9, what is -156 - 134571?
-134737
In base 15, what is 118ca + 44e7?
15dc2
In base 16, what is -543 - -30?
-513
In base 2, what is -100110000011001100 + -11100?
-100110000011101000
In base 3, what is -102222012100 + 11220?
-102222000110
In base 13, what is -14131 + b03?
-1332b
In base 15, what is -58b + 986?
3ea
In base 13, what is 1 - -1078248?
1078249
In base 11, what is -2068008 - -46?
-2067a72
In base 3, what is 10021201221 - -2112022?
10101021020
In base 9, what is -3466 + 8636?
5160
In base 10, what is -9 + -894611?
-894620
In base 16, what is -d - -39ba6?
39b99
In base 12, what is 2a935a74 - -1?
2a935a75
In base 9, what is 20606877 - -1?
20606878
In base 6, what is 0 - 1124044502?
-1124044502
In base 14, what is 16779 - 1d38?
14841
In base 4, what is -20221001 + -3102?
-20230103
In base 11, what is -4 + -12388659?
-12388662
In base 3, what is 122 - 1100102202101?
-1100102201202
In base 7, what is -43611 + -2250?
-46161
In base 12, what is 914 - -2425?
3139
In base 7, what is 4 + -1052260363?
-1052260356
In base 10, what is -3359639 - 246?
-3359885
In base 7, what is -6065452 + 120?
-6065332
In base 6, what is 30222 + -221000?
-150334
In base 15, what is -253d12d + -4?
-253d132
In base 2, what is -10100001110000 - 11100111?
-10100101010111
In base 16, what is -511b + 149?
-4fd2
In base 5, what is -144331 - -1040403?
341022
In base 8, what is -265677345 - 5?
-265677352
In base 6, what is 2123535004 + 32?
2123535040
In base 5, what is -3 - -1102132223?
1102132220
In base 4, what is 203303 - -200010?
1003313
In base 5, what is 1 + -230242333133?
-230242333132
In base 13, what is 155c - 26471?
-24c12
In base 16, what is -1 - -1a0a39?
1a0a38
In base 6, what is 15542010222 - 4?
15542010214
In base 11, what is -293 + -96621?
-96904
In base 16, what is 2 + -21882b?
-218829
In base 12, what is -5 + -1026881b?
-10268824
In base 8, what is 1146 + -16374?
-15226
In base 14, what is b + -3557a2?
-355795
In base 12, what is -39a4 + -169?
-3b51
In base 5, what is 230 + 424424?
430204
In base 11, what is 15a111019 - 4?
15a111015
In base 9, what is 277881 - 4?
277876
In base 11, what is 1960a + 84a?
1a359
In base 3, what is 2221220 + -212201010?
-202202020
In base 8, what is 3 - -2426160543?
2426160546
In base 7, what is -2163 + 556250?
554054
In base 11, what is 145 - -3659162?
36592a7
In base 3, what is 11212 + 200112011010?
200112022222
In base 14, what is caa - -b84b?
c717
In base 13, what is 24 - 1138bb?
-113897
In base 7, what is 2515 + -26165?
-23350
In base 4, what is 32 - 1222331002032?
-1222331002000
In base 13, what is -1a15a - 1686?
-1b813
In base 2, what is -101000110010100010 - -11010101011?
-101000010111110111
In base 6, what is 1111342 + -41141?
1030201
In base 5, what is 1333033 - -12212?
1400300
In base 8, what is -5 - -2103156?
2103151
In base 6, what is 0 + 14103115223?
14103115223
In base 11, what is -53 - -7a2573?
7a2520
In base 2, what is -111000101110 + 1111001010100?
1000000100110
In base 5, what is 10 + 311330341?
311330401
In base 7, what is 302 - -1535150?
1535452
In base 3, what is -21200101222 + -10?
-21200102002
In base 9, what is -6 + 3613435?
3613428
In base 6, what is -10414 - -25412115?
25401301
In base 11, what is 4535 - 26?
450a
In base 9, what is 1466646 - 10?
1466636
In base 13, what is -ac75 - -5461?
-5814
In base 11, what is 14004857 - 2?
14004855
In base 7, what is -15100234 + -415?
-15100652
In base 6, what is -1014541 - 153?
-1015134
In base 12, what is 9574b0 - 95?
957417
In base 9, what is -1884 + 446?
-1437
In base 5, what is 2031320411 - -301?
2031321212
In base 5, what is -4223010 + -3321?
-4231331
In base 3, what is -20 + -1201120211220122?
-1201120211220212
In base 5, what is 1221334423 - -3?
1221334431
In base 15, what is 0 - 1442625?
-1442625
In base 10, what is 4 + -6221755?
-6221751
In base 7, what is -553020606 - -1?
-553020605
In base 10, what is -390984406 - 3?
-390984409
In base 2, what is 100010001011 + 1100000111100001?
1100101001101100
In base 14, what is 7 + ba2139?
ba2142
In base 16, what is -8bb58 + 4a?
-8bb0e
In base 4, what is 1103011232011 - -10?
1103011232021
In base 13, what is 4484 + -2c61?
1523
In base 3, what is -2122 - 120001?
-122200
In base 15, what is a4 + a301?
a3a5
In base 13, what is -243a2 + -182?
-24554
In base 16, what is 1c83b - 63e?
1c1fd
In base 12, what is 403b - 84a?
33b1
In base 3, what is 220122122001112 + -11?
220122122001101
In base 11, what is 2 - -6743153a?
67431541
In base 3, what is 11201021200 - 12?
11201021111
In base 5, what is -4 + -10211401134?
-10211401143
In base 16, what is -6f - 82e232?
-82e2a1
In base 15, what is 8 - -1298b55?
1298b5d
In base 14, what is 425c65 - -1?
425c66
In base 3, what is 20112122011 + -1110?
20112120201
In base 10, what is -1581386 + 148?
-1581238
In base 11, what is -6 - 82294a2?
-82294a8
In base 15, what is 2 + 64d0495?
64d0497
In base 3, what is -112210021121100 + -2?
-112210021121102
In base 5, what is 11 - 111114304?
-111114243
In base 14, what is 4 + b55352?
b55356
In base 3, what is -112220211022112101 + 2?
-112220211022112022
In base 12, what is -8 + -a532418?
-a532424
In base 7, what is 41625203 - 14?
41625156
In base 5, what is 31 - -4322340210?
4322340241
In base 6, what is 32423 + -341031?
-304204
In base 15, what is -70a14 - -10?
-70a04
In base 15, what is -11e3 + ad84?
9b91
In base 16, what is c10e25 + 1b?
c10e40
In base 13, what is 28 - -1c6c1c?
1c6c47
In base 8, what is -27716 + -315?
-30233
In base 11, what is -1 - 77a788?
-77a789
In base 7, what is 336 + -55024311?
-55023642
In base 15, what is 1a98dc65 + 5?
1a98dc6a
In base 13, what is 5 - -6b6495b?
6b64963
In base 14, what is 3 - -383b7c1?
383b7c4
In base 13, what is 1c + b3c26?
b3c45
In base 13, what is 95a - -2cbb?
3948
In base 6, what is -523005 + -431?
-523440
In base 4, what is 1010 + -2333213222?
-2333212212
In base 9, what is -46308186 - -25?
-46308161
In base 4, what is -13101 - 2321120?
-3000221
In base 14, what is -d9d1 + b05?
-ccca
In base 13, what is 6c0 - -b26?
1516
In base 5, what is 1112 - -1132242030?
1132243142
In base 15, what is -aed7 + -1649?
-c631
In base 5, what is 233004 - 2034140?
-1301131
In base 2, what is 101001111000 - 1100101100?
11101001100
In base 6, what is 3 + 105322434?
105322441
In base 6, what is 3 - -1101135331?
1101135334
In base 7, what is 405466 + 132?
405631
In base 15, what is 171241 - 5e?
1711d2
In base 8, what is 16062 + -1345?
14515
In base 16, what is -36f14b - -1f?
-36f12c
In base 13, what is 0 + -403bb490?
-403bb490
In base 3, what is 1202 - -2220121012201?
2220121021110
In base 9, what is -11711 + -3171?
-14882
In base 15, what is 4 - b5286?
-b5282
In base 15, what is -5 - -1dea6cb?
1dea6c6
In base 5, what is 121201401 + 123?
121202024
In base 13, what is 864 + 17a1?
2335
In base 11, what is -76 + -58099?
-58164
In base 6, what is 20342 - -35425?
100211
In base 12, what is 93733a7 + 0?
93733a7
In base 12, what is -17920aa - -5?
-17920a5
In base 12, what is 0 - -3b3660?
3b3660
In base 10, what is -18 - -5491236?
5491218
In base 6, what is -11350 - 304432?
-320222
In base 16, what is 1b + -2420c5?
-2420aa
In base 16, what is -2d7 - -1854?
157d
In base 7, what is 306436305 - -1?
306436306
In base 8, what is -555670632 + 0?
-555670632
In base 12, what is 8788 - 5961?
2a27
In base 13, what is 912 + b339?
bc4b
In base 10, what is 11222279 - -2?
11222281
In base 9, what is 17 - -1227648?
1227666
In base 14, what is a - -46aacb0?
46aacba
In base 9, what is 783170 - 83?
783076
In base 8, what is 10775 + -17354?
-6357
In base 7, what is 5 + -6200625?
-6200620
In base 4, what is -20133301132201 + 1?
-20133301132200
In base 9, what is 58170271 + 4?
58170275
In base 8, what is 656133 + -67?
656044
In base 2, what is 1010100010110010110010 - 111?
1010100010110010101011
In base 13, what is -148904c86 - 1?
-148904c87
In base 11, what is 845465 + 14?
845479
In base 11, what is -1 - 71035a5?
-71035a6
In base 2, what is -10 - 100111111011100111001?
-100111111011100111011
In base 2, what is -101 - -110110010011100010011010101?
110110010011100010011010000
In base 6, what is -225 + -141502434?
-141503103
In base 15, what is 